 prime factors of 56630.
2, 5, 7, 809
List the prime factors of 16895.
5, 31, 109
List the prime factors of 5699.
41, 139
What are the prime factors of 1369?
37
What are the prime factors of 64405?
5, 11, 1171
What are the prime factors of 43877?
17, 29, 89
List the prime factors of 4426.
2, 2213
List the prime factors of 1285.
5, 257
List the prime factors of 1415.
5, 283
List the prime factors of 2238.
2, 3, 373
What are the prime factors of 1000?
2, 5
What are the prime factors of 11549?
11549
What are the prime factors of 70?
2, 5, 7
List the prime factors of 5215.
5, 7, 149
List the prime factors of 2431.
11, 13, 17
List the prime factors of 3430.
2, 5, 7
What are the prime factors of 121?
11
List the prime factors of 3002.
2, 19, 79
What are the prime factors of 13176?
2, 3, 61
What are the prime factors of 1189?
29, 41
List the prime factors of 20009.
11, 17, 107
What are the prime factors of 1455?
3, 5, 97
List the prime factors of 892.
2, 223
What are the prime factors of 50708?
2, 7, 1811
What are the prime factors of 648?
2, 3
What are the prime factors of 1734?
2, 3, 17
List the prime factors of 995.
5, 199
List the prime factors of 21578.
2, 10789
What are the prime factors of 63846?
2, 3, 3547
What are the prime factors of 1482?
2, 3, 13, 19
List the prime factors of 1026.
2, 3, 19
List the prime factors of 4745.
5, 13, 73
What are the prime factors of 117068?
2, 7, 37, 113
List the prime factors of 14897.
14897
What are the prime factors of 9300?
2, 3, 5, 31
What are the prime factors of 28145?
5, 13, 433
What are the prime factors of 18942?
2, 3, 7, 11, 41
List the prime factors of 3021.
3, 19, 53
What are the prime factors of 26811?
3, 331
List the prime factors of 721.
7, 103
What are the prime factors of 94105?
5, 11, 29, 59
What are the prime factors of 207?
3, 23
List the prime factors of 6013.
7, 859
What are the prime factors of 1020?
2, 3, 5, 17
What are the prime factors of 605?
5, 11
What are the prime factors of 153039?
3, 139, 367
What are the prime factors of 6217?
6217
List the prime factors of 8367.
3, 2789
List the prime factors of 3142.
2, 1571
List the prime factors of 1490.
2, 5, 149
What are the prime factors of 30865?
5, 6173
What are the prime factors of 2797?
2797
List the prime factors of 1396.
2, 349
What are the prime factors of 1158?
2, 3, 193
List the prime factors of 61080.
2, 3, 5, 509
List the prime factors of 2712.
2, 3, 113
List the prime factors of 1834.
2, 7, 131
What are the prime factors of 7607?
7607
List the prime factors of 3567.
3, 29, 41
What are the prime factors of 1081?
23, 47
List the prime factors of 37631.
11, 311
List the prime factors of 9742.
2, 4871
What are the prime factors of 1129?
1129
List the prime factors of 28198.
2, 23, 613
What are the prime factors of 3932?
2, 983
What are the prime factors of 99?
3, 11
What are the prime factors of 11988?
2, 3, 37
List the prime factors of 41.
41
List the prime factors of 6628.
2, 1657
What are the prime factors of 681?
3, 227
List the prime factors of 4290.
2, 3, 5, 11, 13
List the prime factors of 244.
2, 61
List the prime factors of 2856.
2, 3, 7, 17
List the prime factors of 51097.
37, 1381
List the prime factors of 853.
853
What are the prime factors of 2187?
3
What are the prime factors of 477?
3, 53
List the prime factors of 30838.
2, 17, 907
List the prime factors of 3627.
3, 13, 31
List the prime factors of 49621.
11, 13, 347
List the prime factors of 1651.
13, 127
What are the prime factors of 3825?
3, 5, 17
What are the prime factors of 1443?
3, 13, 37
List the prime factors of 30130.
2, 5, 23, 131
List the prime factors of 443.
443
What are the prime factors of 1457?
31, 47
What are the prime factors of 58710?
2, 3, 5, 19, 103
What are the prime factors of 17257?
17257
What are the prime factors of 23248?
2, 1453
What are the prime factors of 15764?
2, 7, 563
List the prime factors of 19409.
13, 1493
What are the prime factors of 3111?
3, 17, 61
List the prime factors of 61291.
61291
What are the prime factors of 2247?
3, 7, 107
What are the prime factors of 2512?
2, 157
List the prime factors of 1736.
2, 7, 31
What are the prime factors of 1405?
5, 281
What are the prime factors of 16919?
7, 2417
What are the prime factors of 1404?
2, 3, 13
List the prime factors of 116480.
2, 5, 7, 13
What are the prime factors of 1007?
19, 53
List the prime factors of 5013.
3, 557
List the prime factors of 71552.
2, 13, 43
What are the prime factors of 1323?
3, 7
List the prime factors of 2774.
2, 19, 73
List the prime factors of 2541.
3, 7, 11
List the prime factors of 83242.
2, 41621
List the prime factors of 3649.
41, 89
What are the prime factors of 53539?
37, 1447
List the prime factors of 33422.
2, 17, 983
What are the prime factors of 3520?
2, 5, 11
List the prime factors of 3322.
2, 11, 151
What are the prime factors of 5412?
2, 3, 11, 41
What are the prime factors of 14711?
47, 313
List the prime factors of 28262.
2, 13, 1087
List the prime factors of 10564.
2, 19, 139
What are the prime factors of 9154?
2, 23, 199
List the prime factors of 15821.
13, 1217
What are the prime factors of 37880?
2, 5, 947
What are the prime factors of 1325?
5, 53
What are the prime factors of 11197?
11197
What are the prime factors of 11658?
2, 3, 29, 67
What are the prime factors of 19347?
3, 6449
What are the prime factors of 2414?
2, 17, 71
What are the prime factors of 959?
7, 137
List the prime factors of 9161.
9161
What are the prime factors of 333?
3, 37
List the prime factors of 344.
2, 43
What are the prime factors of 13121?
13121
List the prime factors of 683.
683
What are the prime factors of 141391?
31, 4561
What are the prime factors of 1192?
2, 149
List the prime factors of 2445.
3, 5, 163
List the prime factors of 860.
2, 5, 43
What are the prime factors of 3736?
2, 467
List the prime factors of 6015.
3, 5, 401
What are the prime factors of 50206?
2, 13, 1931
List the prime factors of 13871.
11, 13, 97
List the prime factors of 13394.
2, 37, 181
List the prime factors of 47697.
3, 13, 1223
List the prime factors of 1363.
29, 47
What are the prime factors of 8328?
2, 3, 347
List the prime factors of 32.
2
What are the prime factors of 733?
733
List the prime factors of 4739.
7, 677
What are the prime factors of 49485?
3, 5, 3299
What are the prime factors of 7943?
13, 47
List the prime factors of 165791.
317, 523
List the prime factors of 11024.
2, 13, 53
List the prime factors of 2374.
2, 1187
What are the prime factors of 135563?
31, 4373
List the prime factors of 909.
3, 101
What are the prime factors of 4246?
2, 11, 193
What are the prime factors of 1512?
2, 3, 7
List the prime factors of 1518.
2, 3, 11, 23
What are the prime factors of 2014?
2, 19, 53
List the prime factors of 1935.
3, 5, 43
List the prime factors of 21348.
2, 3, 593
What are the prime factors of 5968?
2, 373
What are the prime factors of 43326?
2, 3, 29, 83
What are the prime factors of 12464?
2, 19, 41
What are the prime factors of 8970?
2, 3, 5, 13, 23
List the prime factors of 119605.
5, 19, 1259
What are the prime factors of 20329?
29, 701
What are the prime factors of 440?
2, 5, 11
What are the prime factors of 2615?
5, 523
What are the prime factors of 23149?
7, 3307
What are the prime factors of 2065?
5, 7, 59
List the prime factors of 2061.
3, 229
What are the prime factors of 6147?
3, 683
What are the prime factors of 402?
2, 3, 67
List the prime factors of 16276.
2, 13, 313
What are the prime factors of 46428?
2, 3, 53, 73
List the prime factors of 61.
61
What are the prime factors of 126?
2, 3, 7
List the prime factors of 48998.
2, 24499
List the prime factors of 5393.
5393
List the prime factors of 9349.
9349
List the prime factors of 5925.
3, 5, 79
What are the prime factors of 14598?
2, 3, 811
List the prime factors of 38314.
2, 19157
What are the prime factors of 83412?
2, 3, 7, 331
What are the prime factors of 14891?
14891
What are the prime factors of 34557?
3, 11519
What are the prime factors of 30787?
17, 1811
What are the prime factors of 44307?
3, 547
List the prime factors of 4393.
23, 191
List the prime factors of 43246.
2, 7, 3089
What are the prime factors of 30590?
2, 5, 7, 19, 23
What are the prime factors of 9250?
2, 5, 37
L